7/(7/1280) - v/5 a prime number?
True
Suppose -54 = -4*r + 18. Let o = r - 149. Let i = o - -582. Is i a prime number?
False
Is 3*1*8166893/609 a prime number?
True
Suppose -3*u + 240 + 3591 = 0. Let n = -1477 - -1369. Let o = n + u. Is o composite?
True
Let n be (42/9 + -4)/(2/21). Suppose n*i = 6*i + 289. Suppose 2*l - i = 33. Is l prime?
False
Suppose 0 = -18*l + 540 - 1314. Is (l/(-86))/((-2)/(-122756)) prime?
True
Suppose 3*h + 10393 = 5*y, h - 7 + 3 = 0. Suppose -2*p + 727 = -5*n, -4*n = -5*p - 255 + y. Let u = -67 + p. Is u a composite number?
True
Let z = 109 + -625. Let i = 5257 - z. Is i a composite number?
True
Is ((-73539)/(-12))/(48/320) prime?
False
Suppose 0 = 3*g - n - 178842, 5*g + 70*n - 66*n - 298019 = 0. Is g a composite number?
False
Let y(o) = o**2 - 10*o + 14. Let n be y(11). Let r be 6*((-14)/(-20) + (-5)/n). Suppose 187 = -r*u + 2080. Is u a prime number?
True
Is ((-11878224)/(-104))/((-14)/(-91)) a prime number?
False
Is (-33952156)/(-104) - 10/260 a composite number?
True
Let f(h) = 1034*h**2 + 37*h - 164. Is f(5) composite?
True
Let t = 3356 - 1539. Suppose -265 = -k + t. Suppose 4*b - 2*b - k = 0. Is b composite?
True
Let j(s) be the third derivative of 117*s**4/4 + 67*s**3/6 + 72*s**2. Is j(3) prime?
False
Suppose -2*v - 351*y + 39142 = -350*y, -19599 = -v - 4*y. Is v composite?
True
Let t(v) = 4*v**3 + 34*v**2 - 37*v - 19. Is t(6) composite?
False
Let q(t) = 3*t**3 + t**2 + 2*t + 1. Let j be q(-1). Let k(i) = 1048*i - 25. Let m(w) = 1573*w - 37. Let o(c) = 7*k(c) - 5*m(c). Is o(j) a prime number?
True
Let r(m) = 70*m**3 + 38*m**2 - 17*m - 60. Is r(7) a prime number?
True
Let q(j) = -3375*j - 644. Is q(-65) composite?
True
Is ((-19)/19)/(2/(-26476)) prime?
False
Suppose 109 = 7*n - 17. Let a = n + -16. Suppose f = 2*f - 2, 0 = 5*h - a*f - 8111. Is h a prime number?
False
Let x(y) = 4*y**3 + 7*y**2 + 5*y + 11. Let w(j) = j - 5. Let b(n) = -2*n + 9. Let a(r) = -3*b(r) - 5*w(r). Let l be a(9). Is x(l) a prime number?
False
Is (-5 - 306/(-54))*(-1197873)/(-6) composite?
False
Let b(r) = 154*r**2 + 21*r - 136. Let i be b(10). Suppose 744*v = 738*v + i. Is v a prime number?
True
Let s = -77 - -79. Suppose -2*h + 3*t = -4112, 3*h - s*h + 4*t = 2045. Suppose -h = -9*i - 334. Is i prime?
True
Is (870/(-12))/29*179618/(-5) a composite number?
False
Let w = 11830 + -9593. Is w composite?
False
Suppose 0 = -2*h - 5539 + 727. Is (-1)/(h/(-602) - (-12)/(-3)) composite?
True
Suppose -3*a - 2*a + 275 = 0. Let q = 31 - a. Let v = q + 93. Is v composite?
True
Suppose 4*c - 90944 = 2*b, 3*b - 5394 = -5*c + 108275. Is c a prime number?
False
Suppose 0 = -18*o + 542899 + 229661. Suppose -13*a = -8*a + 2*w - 53637, 4*a - o = w. Is a prime?
True
Suppose -20*x - 29*m + 33*m + 10276560 = 0, -5*m - 513804 = -x. Is x composite?
False
Suppose 18*j - 7*j = 1155. Suppose 0 = j*i - 107*i + 24646. Is i prime?
True
Suppose 52 - 64 = -3*g. Suppose -3*w + 2*a + 16 = -w, g*w - 8 = -4*a. Suppose b - 706 = n - 4*n, 2*b - 1412 = -w*n. Is b a composite number?
True
Suppose -562230160 + 68133675 = -365*a. Is a prime?
True
Let h be 1*-3*(-1)/1. Let w(r) = 43*r + 989. Let u be w(8). Suppose 0*t + 5*n + 471 = t, -5*n + u = h*t. Is t a composite number?
True
Let c(o) = -o**2 + 4*o + 23. Let s be c(7). Let i be (2066 - -1) + 1 + -1 + s. Suppose 0 = 5*q - i - 366. Is q a composite number?
False
Let g(p) = -15930*p + 359. Is g(-3) a prime number?
False
Let o = 81231 - 47270. Is o a composite number?
False
Is (-2)/(8/477941)*(25 + -20 + -9) prime?
True
Is ((-916)/3206)/(4/(-496874)) prime?
True
Suppose 165990 = 4*a - 5*t - 2472939, -a + 659751 = -5*t. Is a a prime number?
False
Let j = -135 - -139. Suppose -j*t + 4804 = 6*w - 2*w, 5*w - 6005 = -3*t. Is w a composite number?
False
Suppose 3151789 - 187854 = 65*y. Is y a composite number?
False
Suppose -325*b + 317*b + 239432 = 0. Is b composite?
True
Suppose 4*v - 42*r + 38*r - 1918128 = 0, -5*v = 9*r - 2397590. Is v a prime number?
False
Is 39401 + (8/(-6))/(3/9) composite?
False
Suppose -5*o = -c + 7702, o - c + 2031 = 493. Let t = -643 - o. Is t a prime number?
False
Suppose 278*g - 276*g = -3*n + 583097, -4*g = -2*n - 1166250. Is g composite?
False
Suppose -39*v + 108 = -51*v. Is ((-3837)/v)/((-3)/(-9)) a composite number?
False
Suppose 115627 = 3*b - 2*x, x + 146658 + 46056 = 5*b. Is b composite?
False
Suppose 20*t = 219 + 101. Suppose -545 = t*p - 56401. Is p a composite number?
False
Suppose 678*m - 662*m = 763760. Is m a composite number?
True
Let l = 47 + -39. Suppose 1232 = -z + l*z. Let m = z + -31. Is m composite?
True
Suppose 24*s + 125773 = 25*s - k, 4*s - 3*k = 503096. Is s prime?
True
Suppose 8*r = -3*r + 44. Suppose -f = -2*z + 3, f + r*f - 37 = -3*z. Suppose f*i + 2920 - 14885 = 0. Is i composite?
False
Let x = 119 - 114. Suppose 10*z - 5*z - 4*b - 2693 = 0, -5*z + 2690 = -x*b. Is z a prime number?
True
Let d be (1 - (-20)/(-12))*(-20 + -1). Let w(z) = 29*z**2 + 9*z + 5. Is w(d) prime?
False
Suppose 0*a + 3*m - 55743 = 5*a, -3*m = -2*a - 22290. Let u = 15720 + a. Is u a composite number?
True
Let g = 42159 - 15152. Is g a composite number?
True
Let p(n) = 56 + 11*n + 57*n - 129*n. Is p(-21) a composite number?
True
Let a = 825690 - 468473. Is a prime?
False
Suppose 3*l = 2*m - 9, -4*l + 9*l + 20 = 5*m. Suppose 0 = -3*b, -51 = -m*i - 0*b - 4*b. Suppose -1685 = -i*v + 16*v. Is v composite?
True
Suppose 0 = 157*j - 160*j + 18, o = -5*j + 1934147. Is o a composite number?
False
Let h be 1458 + -33 + 1*5 - 5. Let c = 2138 - h. Is c prime?
False
Suppose -35*t = -7*t + 84. Let a(w) be the first derivative of -7*w**4/2 + w**3/3 - 3*w**2 + 2*w - 1. Is a(t) prime?
False
Let m(w) be the third derivative of 17*w**8/2240 - w**6/360 + w**5/60 - 5*w**4/12 - 28*w**2. Let u(j) be the second derivative of m(j). Is u(1) prime?
False
Let w be (-48)/((-40)/(-5)) + 6156. Let s = w + -4111. Is s prime?
True
Let z(y) = 15*y**3 + 58*y**2 - 140*y - 70. Is z(47) composite?
True
Let f be (5/(-3))/(5/255). Is (4874/3)/(f/(-15) + -5) composite?
False
Suppose 17648 = o - 47127. Is o/35 - 4/(-14) a composite number?
True
Let j(z) = -3*z + 10. Let c be j(18). Let r = c - -47. Suppose 0 = -b + r, -n = 2*n + b - 2364. Is n a prime number?
True
Let c(s) = s**3 + 29*s**2 - 12*s - 33. Let r be (-1)/3*((-4)/1 + 79). Is c(r) prime?
True
Let k(n) = 4*n**2 + 4*n + 16. Let d be k(-4). Let r = d + -61. Suppose x - 194 = 4*g, 4*x - 692 = -8*g + r*g. Is x a prime number?
False
Let x(s) = -180*s - 20. Let u be x(-7). Suppose 0 = -9*i + 7*i + u. Let y = i - 301. Is y prime?
False
Let s(r) = 16880*r + 4165. Is s(48) composite?
True
Let p(j) be the first derivative of -2*j**3/3 - 7*j**2 - 3*j + 16. Let b be p(-7). Is (b - 0) + 6 - -1394 a prime number?
False
Let h be 210 + 0*((-7)/3 - -2). Suppose -3*u = -204 - h. Suppose 0 = 2*v + u - 560. Is v prime?
True
Let k(d) = 14*d**2 + 67*d - 21. Let s be k(-40). Let g = s + -9762. Is g a prime number?
False
Suppose 7*y - 11*y + 30516 = 0. Suppose -l = k + 4*k - y, 2*k - 22913 = -3*l. Is l a prime number?
True
Let f be (-100)/(-36) + -3*(-4)/54. Suppose -2*r = 4*u - 986, f*r + 3*u - 2451 = -2*r. Is r prime?
False
Let s(w) be the second derivative of 238*w**4/3 + 7*w**3/3 - 43*w**2/2 + 2*w + 19. Is s(6) composite?
False
Let b(r) = 8*r - 24. Let v be b(-8). Let i be (-16)/6*(-7 - v/16). Is 8012/12 + i - (-8)/6 a composite number?
False
Suppose -7*u = 1 + 13. Let j(t) = -74*t**3 - 3*t**2 - t + 1. Let k be j(u). Suppose 2*b + 9 = k. Is b a prime number?
False
Suppose 2*x - 38 = f, -2*f + 7*x = 4*x + 74. Is (-4)/6*149481/f a prime number?
False
Let d = -27745 + 98954. Is d a prime number?
True
Suppose 3*h + 10200 - 2722 = 2*z, z = -3*h + 3739. Is z a prime number?
True
Let s(d) = d**3 - 7*d**2 + 10*d + 3. Let m be s(5). Let o be 644 - 9/m*-1. Let p = 1005 - o. Is p a prime number?
False
Let z(x) be the first derivative of 16*x**3 + x**2 - 5*x + 1. Let p = -213 + 218. Is z(p) a prime number?
False
Let z be (-80)/30*(0/2 + 3). Let i be z/(-6)*81/18. Suppose i*m - 1360 = 218. Is m composite?
False
Let g = 51 + -55. Let x be 8/12*(3 - 0/g). Suppose x*h - 2*j = 1954, h + 0*j - 977 = -4*j. Is h a composite number?
False
Let n = -450061 - -918918. Is n composite?
True
Suppose -3*f + 1300895 = 2*p, -5*f = 88*p